). What is s(q)?
-4
Let d(u) = u**2 + 2*u - 3. Let y(x) = 5*x**2 + 12*x - 16. Let m(f) = -11*d(f) + 2*y(f). What is m(-2)?
-7
Let d be (35 + (-6)/(-2))/(-10 - -8). Let s(z) = z**3 + 18*z**2 - 18*z + 15. Determine s(d).
-4
Let c(u) = -2*u**2 + 22*u + 28. Let z be c(12). Let i(h) = z*h - 185 + 185. Determine i(-1).
-4
Let g(h) = 15*h. Let m(c) = c**3 + 7*c**2 + 14*c + 19. Let u be m(-5). Determine g(u).
-15
Let z(d) be the first derivative of -d**4/4 + d**3 + d**2/2 + 5*d + 2. Suppose -2 = 3*n - 3*g - 5, 15 = 5*g. Determine z(n).
-7
Let d(g) = g**2 - 2*g - 31. Suppose -1727*t = -1721*t - 42. Give d(t).
4
Let i be 30/2 + (-13)/((-91)/(-21)). Let f(c) = 6*c - 67. What is f(i)?
5
Let k(m) be the second derivative of 4/3*m**3 + 10*m - 5/2*m**2 + 0 - 1/12*m**4. Give k(5).
10
Let j(a) = -a**2 + 7*a - 6. Suppose 18*i - 1000 + 172 = 0. Suppose 3*h + 2*w - 2 = 8, 5*h - i = 4*w. Calculate j(h).
0
Suppose 0*q + 3*q + 24 = 0. Let a(n) = 42*n**3 + 5*n + 3*n**2 - 41*n**3 - 3 + 6*n**2. Determine a(q).
21
Let q(x) be the second derivative of 4/3*x**3 + 0 - 1/12*x**4 - x**2 + 9*x. Calculate q(5).
13
Let n(g) be the second derivative of g**5/20 + 5*g**4/12 - g**2 + 9*g. Determine n(-4).
14
Let h(f) be the third derivative of f**5/60 + 3*f**4/8 - f**3/2 - 2*f**2. Let t be ((-48)/(-15))/((-34)/85). Determine h(t).
-11
Let m(a) = 24*a - 16*a - 2 - 1 - 13*a. Determine m(6).
-33
Let m(f) = -f**3 - 1. Let v(w) = -7*w**3 + 4*w**2 - 2. Let k(g) = 5*m(g) - v(g). Suppose 0 = -5*j + 15. Determine k(j).
15
Let f(l) = -l**3 - 5*l**2 + 7*l + 6. Let m be f(-6). Let o(a) = -a**2 + a - 19. Give o(m).
-19
Let u(s) = 4*s + 7. Suppose -2*p - 4*a + 34 = 0, 4*p + a - 33 = -0*p. Suppose 0 = 3*t + 8 + p. Calculate u(t).
-13
Let j(g) = -89*g + 92. Let u be j(1). Let o(y) be the second derivative of -1/20*y**5 + 1/2*y**2 + 0*y**4 + 1/3*y**u - 9*y + 0. Calculate o(-2).
5
Let g(l) = -4*l**3 - 4*l**2 - 5*l - 7. Let v(p) = p**3. Let x(j) = g(j) + 5*v(j). Let s be (-95)/(-20) + (-1)/(-4). What is x(s)?
-7
Suppose 3*g = 6, -2*s - 20 = 3*s - 5*g. Let n(d) = -d**2. Let l(x) = 8*x**2 - 3*x. Let r(k) = s*l(k) - 14*n(k). What is r(4)?
-8
Let v be ((-2)/(-60)*2)/(6/15). Let y(r) be the second derivative of r**2 + 1/6*r**3 + 0 + 4*r + v*r**4. Determine y(-2).
8
Let v(t) be the third derivative of -t**4/24 + 5*t**3/3 - 2*t**2 + 1. What is v(9)?
1
Suppose -t + 48 = 40. Let w(x) = -x**2 + 5*x + 10. What is w(t)?
-14
Let x = -449 + 445. Let g(q) = q**2 + 9*q - 7. Let y(l) = l - 1. Let u(a) = -g(a) + 5*y(a). What is u(x)?
2
Let p(d) be the first derivative of -2*d**2 - 1/24*d**4 + 0*d + 1/2*d**3 - 3. Let l(n) be the second derivative of p(n). What is l(-5)?
8
Let u(h) = -h**3 + h**2 + 4*h + 2. Let s = -29 + 22. Let o(z) = 2*z**3 - 3*z**2 - 9*z - 4. Let r(l) = s*u(l) - 4*o(l). Give r(6).
14
Let p(f) = 2 - 1314*f + 1315*f - 1. Calculate p(-7).
-6
Let s(y) be the second derivative of -y**5/20 + y**3/2 - 15*y**2/2 - 367*y + 2. Determine s(0).
-15
Let v(r) = -68*r + 133*r + 4*r**2 - 4 + 5 - 55*r. Give v(-4).
25
Let l(s) = 2 + 2*s - 3 + 2. Suppose 5*r + 30 = h, -3*h + 8*h + 4*r - 34 = 0. Suppose -y + h = 5*k - 5*y, 31 = k + 5*y. Determine l(k).
13
Let z(u) = u**2 + 4*u + 7. Let m(i) be the second derivative of i**4/6 + 3*i**3/2 + 13*i**2/2 + 14*i + 3. Let a(q) = -3*m(q) + 5*z(q). Determine a(-5).
6
Let f(r) = 0 + 2*r + 3 - 4. Let j = -65 - -61. Give f(j).
-9
Let r(b) be the second derivative of -b**3/3 - 3*b**2/2 - 21*b. Suppose 0 = -5*z + 3*u + 26, -z + u + 6 = -0*z. Calculate r(z).
-11
Let d(i) = 112 - 3*i**2 - 2*i**3 + 118 - 228. Give d(-2).
6
Let l(y) = -y**3 + 5*y**2 - 4*y - 4. Let f be l(3). Let i(x) = 2*x - 1. Let b(h) = -11*h + 5. Let p(o) = b(o) + 2*i(o). What is p(f)?
-11
Let l = -95 + 95. Let s(d) be the second derivative of -1/12*d**4 + 4*d + 5/2*d**2 + l + 1/2*d**3. What is s(5)?
-5
Let o be 2/4 + (-3)/2. Let s(i) be the second derivative of -7/12*i**4 + 0 + 2*i + 1/2*i**2 + 1/3*i**3. Give s(o).
-8
Suppose -5*t + 2 = x + 1, -2*t - 2*x + 2 = 0. Let s = 34 + -31. Suppose -m = -t*m - s. Let i(p) = -p**2 + p + 4. Determine i(m).
-2
Let f(c) be the second derivative of c**3/6 - 3*c**2 - 40*c. Calculate f(3).
-3
Let n(p) = p**3 - 2*p**2 - 2*p. Let i(a) be the first derivative of -a - 1/4*a**4 + a**2 + 0*a**3 - 4. Let k be i(-2). What is n(k)?
3
Let r(j) = -j**2 - j + 23. Suppose 0 = 3*s - 4*s + 4*n + 12, -3*s = -n - 3. Give r(s).
23
Let o(u) = -34*u - 3. Let p(z) = 29*z + 2. Let g(h) = 4*o(h) + 5*p(h). Determine g(-5).
-47
Let k(o) = -2*o**2 - 4*o - 3. Suppose 365*n = 368*n + 15. What is k(n)?
-33
Let l(q) = -q + 11 - 9*q**2 - 10*q + q**3 + 0*q. Let b(u) = 2*u**2 - 5*u - 2. Let y be b(4). Determine l(y).
1
Let s(k) = 4*k**2 - 6*k - 4. Let z(x) = -3*x**2 - x + 1. Let h(f) = -s(f) - z(f). Give h(10).
-27
Let j(x) = 3*x - 28. Let g be j(11). Suppose 2*r = -g*n - 22, -2*r - 1 - 15 = 2*n. Let d(l) = l**2 + 2*l - 6. What is d(r)?
18
Let d = 241 + -238. Let b(i) = -3*i**2 - 3. What is b(d)?
-30
Let i(h) be the third derivative of h**6/120 - 3*h**5/20 + 2*h**4/3 - 13*h**3/6 - 21*h**2. Let p be i(7). Let d(w) = 4*w**3 - w**2 + 1. Calculate d(p).
4
Let n(c) = -2*c + 4. Let o(u) = -u + 5. Let g(r) = -5*n(r) + 6*o(r). What is g(-8)?
-22
Let v(c) = 10*c - 3*c - 10 - 22*c**2 + 30*c**2 - 7*c**2. What is v(-9)?
8
Let h = 860 - 865. Let z(m) = -6*m - 2. What is z(h)?
28
Suppose 4*s - 45 = 2*l + 13, 2*s + 4*l = 54. Suppose -55 = 6*b - s*b. Let o(q) = -q**3 + 7*q**2 - 5*q - 5. What is o(b)?
20
Suppose -l - 3*l = 2*z + 12, 10 = -5*z - 5*l. Let c(j) = -2 + 3*j**2 - 1 - 28*j**3 + 3*j**z + 29*j**3 + 4*j. Determine c(-5).
2
Let q be -1*(-4)/(-12)*0/2. Let p(n) = -n**2 - 3*n + 3. Calculate p(q).
3
Let o(k) = 8*k + 1. Let v = -109 + 110. Calculate o(v).
9
Let f be 18/27*(-6)/(-2). Let c(h) = -5*h + 1 + 0 + 1. What is c(f)?
-8
Let m(r) = -6*r**3 + r**2 - 2*r - 2. Let x be ((-18)/12)/((-12)/(-8)). What is m(x)?
7
Suppose -9*m = -0*m - 315. Suppose -m + 11 = -4*r. Let c(s) = s - 6. Calculate c(r).
0
Let l(w) = -11*w**2 + w + 3. Let c be -12*7/(-56)*2 - 4. Determine l(c).
-9
Let r(l) = -34*l - 4. Let i be r(-1). Let o(u) = -i + 17 + 12 + 3*u. What is o(6)?
17
Let j(z) = -24*z**3 + 20*z**2 + 2*z - 13. Let a(l) = -12*l**3 + 11*l**2 + l - 7. Let t(d) = -11*a(d) + 6*j(d). Determine t(1).
-13
Let y(r) = r**3 - r**2 + 1. Let a(l) = -4*l**3 - 2*l**2 - l - 1. Let f(v) = -a(v) - 3*y(v). Calculate f(-5).
-7
Let m(t) be the first derivative of 0*t + 1/3*t**3 + 3/2*t**2 + 5. What is m(-2)?
-2
Let y(k) = 40*k + 11*k**2 + 12 + 11*k**2 - 21*k**2 - 32*k. Calculate y(-5).
-3
Let p(l) = -l + 10*l**2 - 7*l**2 - 9*l - l**2. Determine p(5).
0
Suppose 3*x = -12, x - 7 + 3 = 4*n. Let q(j) = 2*j - 2. What is q(n)?
-6
Suppose 0 = -5*l - 5, -4*i + 4*l - 22 = -6. Let u(a) = -a. Let v(s) = -s - 1. Let q(o) = 3*u(o) - v(o). Determine q(i).
11
Suppose 0*d + 4 = -d. Let m = 1 + d. Let y(n) = 6*n - 2*n - 3*n + 1 + 2*n + n. What is y(m)?
-11
Suppose -60 = n + n. Let j = 33 + n. Let p(i) = 2*i**3 + i + 26*i**2 - i**j - 27*i**2 + 0*i. Calculate p(2).
6
Let l be ((-2)/6)/((-6)/108). Let c be -1*(0 + 3 + -3). Let j = c - l. Let v(f) = f**2 + 8*f + 8. Calculate v(j).
-4
Let o(m) = -m**3 + 14*m**2 + 29*m + 50. Let t be o(16). Let y(v) = -v**3 + 3*v**2 - 3*v + 3. What is y(t)?
1
Let q(x) = -3*x**2 + 3*x - 107 + x**2 + 109. Suppose -5*a + 10 = -w + 5*w, -4*a = -w - 8. Let h be 1 - (1 - a) - -1. Give q(h).
-7
Suppose -6*u = -12*u + 36. Let f(t) = -14 + 7 + t + 2. Determine f(u).
1
Let n(g) = -g + 16. Let v be (3 + 90/(-40))*16. Determine n(v).
4
Suppose 89 + 7 = 4*b. Suppose -5*t + 2*t = -b. Let z(w) = -w - 9. Determine z(t).
-17
Let v(y) = 7*y**2 - y + 1. Let n be (-7)/3 + 2 - (-15)/(-9). Calculate v(n).
31
Let g(w) be the first derivative of 1/2*w**2 - 1/3*w**3 - 2 - 7*w. Calculate g(0).
-7
Let k(n) = n**3 - 5*n**2 + 2*n + 2. Suppose 0 = -0*t + 3*t - 5*u + 45, 0 = u + 3. Let o be t/(-8)*(-2)/(-1). Determine k(o).
12
Let d(j) = j - 19. Let r(b) = b + 1. Let y(x) = -d(x) - 6*r(x). Let o(c) = -1 + 14*c - 1 - 25 + c. Let a(k) = 6*o(k) + 13*y(k). Calculate a(5).
2
Suppose 154 = 5*f - l, 2*l = -3*f + 2*f + 22. Let u be (f/(-9))/(-5)*-6. Let z(o) = 5*o + 3*o**2 - 2*o**2 + 15 - 12. Give z(u).
-1
Let v(g) = g**2 - 3*g. Let w(i) = 2*i**2 + 16*i + 29. Let a be w(-6). Calculate v(